e 3 + 6 = -3*l. Let h(p) = -2*p + p - 3*p + 0*p - 2. What is the remainder when 18 is divided by h(l)?
8
Let a(l) = 16*l**2 - 19*l + 26. Let p(i) = 3*i**2 - 4*i + 5. Let r(w) = 2*a(w) - 11*p(w). What is the remainder when r(4) is divided by 4?
1
Suppose 0 = -0*b - 2*b + 50. What is the remainder when 48 is divided by b?
23
Suppose 0 = -8*l - 44 + 244. What is the remainder when 96 is divided by l?
21
Let c = -11 + 13. Suppose 0 = -5*x - 5*s + 60, -c*x + 4*x - 18 = -4*s. Calculate the remainder when 339/12 - (-1)/(-4) is divided by x.
13
Suppose 8 + 36 = 4*m. Suppose -2*i - 5*f + 3 + 5 = 0, 3*i - 12 = 4*f. Calculate the remainder when m is divided by i.
3
Let j = 6 - -5. Calculate the remainder when 54 is divided by j.
10
Suppose -20 = 20*m - 22*m. What is the remainder when 59 is divided by m?
9
Suppose 2*n + 3*a + 1 = -2*a, a + 9 = 4*n. Suppose -6*r = -x - r + 29, 0 = -n*r - 4. Calculate the remainder when 56 is divided by x.
18
Let v(p) = -5*p. Let z(d) = -d. Suppose 7*k - 16 = 3*k. Let w(t) = k*z(t) - v(t). Calculate the remainder when 15 is divided by w(6).
3
Let j(d) = 6*d**2 + 2*d + 1. Let m be j(-1). Suppose -4*w + m*l + 11 = -22, -4*l = 5*w + 10. What is the remainder when (-106)/(-10) - w/(-5) is divided by 6?
5
Let d(s) = 2*s - 6. Calculate the remainder when d(8) is divided by 3.
1
Let p = 9 + -4. Let m = 3 + 6. Calculate the remainder when m is divided by p.
4
What is the remainder when (-846)/(-16) + (-2)/(-16) is divided by 27?
26
Let z(i) be the third derivative of -i**5/60 + 7*i**4/24 + 5*i**3/6 + 3*i**2. Let l be z(7). Let h = 13 - l. What is the remainder when 14 is divided by h?
6
Suppose 4*z + z - 324 = 4*p, 0 = -5*z + 5*p + 325. Suppose -5*v + 55 = 4*f - 2*v, -z = -5*f + v. Calculate the remainder when 23 is divided by f.
10
Let s = 1 - -1. Suppose -s*n = -n - 6. Let u = -23 + 33. What is the remainder when u is divided by n?
4
Let m = 125 + -107. What is the remainder when 51 is divided by m?
15
Suppose 3*m = 8*m - 145. Let q(b) = -b**3 + 2*b**2 + 3*b. Calculate the remainder when m is divided by q(-2).
9
Suppose j - 16 = 29. Suppose 0 = -h - r + j, -5*h + 4*r - 19 = -217. Let z = h + -30. What is the remainder when 22 is divided by z?
10
Let p = 209 + -146. Suppose 61 - 17 = 2*l. Calculate the remainder when p is divided by l.
19
Let p(w) = -2*w**2 + 2*w + 2. Let y be p(3). Let t = y - -15. Suppose -t*u + j + 22 = 0, -2 = 2*j - 8. Calculate the remainder when 14 is divided by u.
4
Let w = -9 + -3. Calculate the remainder when 47 is divided by (-189)/w + (-1)/(-4).
15
Suppose v + 95 = 6*v. Suppose 0*y + 7*y = 511. What is the remainder when y is divided by v?
16
Suppose 0 = -3*m - m + 96. Let p = -3 - -5. What is the remainder when (-6)/4*(-64)/m is divided by p?
0
Let y = -69 - -140. Let z = y - 43. What is the remainder when z is divided by 15?
13
Suppose -2*i - 45 = -7*i. What is the remainder when 14 is divided by i?
5
Suppose 9*d - 84 = 3*d. Calculate the remainder when 109 is divided by d.
11
Let n be -1 + 21 - (2 - 2). Suppose n = 4*j - 3*z, 9*j - 4*j - 2*z = 18. Calculate the remainder when j is divided by 5/3 + 2/(-3).
0
Suppose 4*g = -18 + 74. What is the remainder when 12 is divided by (-4)/g + (-111)/(-21)?
2
Suppose 0 = -g - 4*q - 7, 2*q - 4 + 30 = 2*g. Let t = g - 7. What is the remainder when 5 is divided by t?
1
Suppose 2*b = r + 7, -20 = -3*b - 2*b + 3*r. Suppose 3*u + b = 2*u. What is the remainder when 14 is divided by u*8/(-1)*1?
6
Let r(l) = -l**3 + 6*l**2 + 8*l + 4. Let t = -15 + 46. What is the remainder when t is divided by r(7)?
9
Suppose -2*i = 3*k - 5, -5*i - k = -2*i - 11. Calculate the remainder when 69 is divided by i.
1
Let l(h) = -5*h + 28. Calculate the remainder when l(-18) is divided by 40.
38
Let r(d) = 11*d**2 - 2*d + 1. Let t(j) = -j - 4. Let u be t(-3). Let w be u/(3/3 + -2). Calculate the remainder when r(w) is divided by 6.
4
Suppose 5*y - 48 = 17. What is the remainder when 62 is divided by y?
10
What is the remainder when 19 is divided by 176/33 + (-4)/(-6)?
1
Let h = -9 + 9. Suppose 5*c + 3*z - 32 = h, -c - 5*z + 16 = 2*c. Calculate the remainder when 20 is divided by c.
6
Suppose -7*f - 135 = -16*f. What is the remainder when 25 is divided by f?
10
Suppose 5*h - 630 = -6*q + q, 0 = 3*q + 4*h - 382. Calculate the remainder when q is divided by 31.
29
Let y(i) = -i**2 + i + 12. What is the remainder when 39 is divided by y(0)?
3
Suppose -3*g = -2*w - 265, -2*w = 3*w + 10. Calculate the remainder when g is divided by 24.
15
Suppose -5*k = 3*p - 66, -p = -2*k + 4*k - 26. Calculate the remainder when (2 + 0)*46/4 is divided by k.
11
Let r(m) = m**3 - 6*m**2 + 5*m - 9. What is the remainder when 73 is divided by r(6)?
10
Suppose -2*c + q = -10, 4*q + 8 = -0. Suppose 0*p + 5*p - 70 = 5*y, c = -p - 5*y. What is the remainder when p is divided by 6?
5
Suppose 2*a - 2 = 4. Suppose h + 26 = a*h. What is the remainder when 38 is divided by h?
12
Let f(s) = -s + 7. Let n be f(5). Suppose 4 = n*q - 6. Suppose 9 + 70 = 3*t - q*a, 6 = -3*a. Calculate the remainder when t is divided by 8.
7
Suppose 3*c = -2*c + 3*m + 3, 4*c + 3*m + 3 = 0. Suppose -3*v + 5*v - 18 = c. Calculate the remainder when 26 is divided by v.
8
Let d = -159 - -332. Suppose 2*w = 5*q - 235, w + d = 5*q - 57. Calculate the remainder when q is divided by 23.
22
Let i = 110 + -33. Suppose 3*t + 76 = 4*v + t, -2*t = 5*v - i. What is the remainder when 32 is divided by v?
15
Let v(j) = j + 6. Let n = 17 - 7. What is the remainder when n is divided by v(0)?
4
Suppose -4*l + 3 - 7 = 4*a, l + 2*a + 5 = 0. Let g = 5 - 2. What is the remainder when g is divided by l?
0
Let a = -216 - -228. Suppose -3*u - 2*j + 205 = 0, -4*j + 2*j + 4 = 0. Let f = u + -22. What is the remainder when f is divided by a?
9
Calculate the remainder when 6/(-9)*(-366)/4 is divided by 32.
29
What is the remainder when 33 is divided by (4 + (-11)/3)/(2/36)?
3
Suppose n - 5*n = 0. Suppose n*d + d = 2. Suppose -4*x + 15 = x. What is the remainder when x is divided by d?
1
Suppose 2*y - 3*v - 65 = 0, 11 = 5*v - 4. Calculate the remainder when y is divided by 26.
11
Let q(m) = -3*m + 2*m + 2 + m**2 + 2*m - 2*m. Suppose -2*n + 4 = -0*n. What is the remainder when n is divided by q(0)?
0
Suppose -2*f + 22 = y, 5*y + 44 = -0*f + 4*f. Suppose 10 = z - 2*b, z + b = -4*b - 11. Let m(w) = -w**2 + 5*w. What is the remainder when f is divided by m(z)?
3
Suppose -4*v - 2*h = -0*h - 26, -v = -5*h - 1. Suppose o + 1 = -5*m - 3, 4*o - 53 = 3*m. What is the remainder when o is divided by v?
5
Suppose -2*t - t + 12 = 0. Let w = 17 - t. Let g = w - 8. What is the remainder when g is divided by 3?
2
Let o = -6 - -58. Let c(k) = k**3 + 6*k**2 + 4*k + 2. What is the remainder when o is divided by c(-4)?
16
Let y(n) = n**2 - 6*n + 2. Let c be y(6). Suppose 0 = c*j + 2*j. Suppose 5*b - 71 - 4 = j. What is the remainder when b is divided by 4?
3
Let i(v) = -v + 6. Let s(d) = -5*d + 3. Let h be s(2). What is the remainder when 38 is divided by i(h)?
12
Let b = 4 - 6. Let r(o) = o + 1. Let m be r(b). Calculate the remainder when 2*m*(-5 - 9) is divided by 15.
13
What is the remainder when -1 - (-18)/4*2 is divided by 3?
2
Suppose -4 = -3*u + 2. Let w(k) = 7*k - 2. What is the remainder when 0 + (1 - (-30 + -3)) is divided by w(u)?
10
Let s(f) = -14*f - 2. What is the remainder when 35 is divided by s(-1)?
11
Suppose -210 = 10*f - 15*f. Calculate the remainder when f is divided by 9.
6
Suppose 0 = -4*n + 2*k + 20 + 162, n - 43 = -2*k. Calculate the remainder when 2/(1 + n/(-47)) is divided by 16.
15
Let q = -11 - -25. What is the remainder when 68 is divided by q?
12
Let n(q) = 3*q**2 - 7*q - 3. Calculate the remainder when n(-3) is divided by 16.
13
Let d = 3 - 3. Suppose -q = 1, 4*q + 10 = 4*c - 234. Suppose n + c = 3*m + 16, -2*m - 4*n + 48 = d. Calculate the remainder when 31 is divided by m.
15
Suppose z + u + 1 = 5*u, -5*z + 11 = -4*u. Suppose 2*s = -0*a + 4*a + 26, -z*s + 3*a + 33 = 0. Calculate the remainder when 26 is divided by s.
8
Suppose 0 = -5*l + 13 + 7. Suppose 0*v - 30 = -z + v, -l*z = 4*v - 144. What is the remainder when z is divided by 18?
15
Suppose 0 = n + 24 - 9. Suppose 0 = -0*i - 2*i + 26. What is the remainder when 1*n*(-48)/30 is divided by i?
11
Let x = 